m. What are the prime factors of ((-39)/g)/(42/(-112))?
2, 13
Suppose -22*s + 21*s - 1 = 0. List the prime factors of 3 + (4 - (2 + s)).
2, 3
Let q = 52 + -48. Suppose -5*v + f + 234 = 0, -68 - q = -2*v - 5*f. What are the prime factors of v?
2, 23
Let r = 137 - 41. Let t = r + -55. Let s = -24 + t. List the prime factors of s.
17
Let n = 1009 + -577. Suppose -2*w + n = 6*w. List the prime factors of w.
2, 3
Let r(h) be the second derivative of -7*h**5/20 - h**4/3 - h**3/3 - 15*h. Let b(p) = -p + 3. Let k be b(5). What are the prime factors of r(k)?
2, 11
Let g be (-3)/(0 + 3/8). Let s be (8 + g)/(-1 - 1). Suppose -4*p + 3 + 85 = s. List the prime factors of p.
2, 11
What are the prime factors of 2/(-12) + (-4116)/(-72)?
3, 19
Let p = 125 - -189. What are the prime factors of p?
2, 157
Suppose -4*j - 65 = -325. Let z = j - 8. List the prime factors of z.
3, 19
List the prime factors of ((-4)/(-1 - (-1392)/1388))/(-2).
2, 347
Suppose 123 = -3*q - 5*a + 932, 3*q + 4*a - 805 = 0. What are the prime factors of q?
263
Suppose 0 = 4*l + 3*v - 21537, 4*v + 53847 = 10*l + 7*v. List the prime factors of l.
3, 5, 359
Let x(m) = m**3 - 6*m**2 + 12*m - 6. Let d = 92 + -87. What are the prime factors of x(d)?
29
Let k(o) be the first derivative of 49*o**3 - o + 1. Let z be k(1). Suppose 5*x = z + 44. What are the prime factors of x?
2, 19
Suppose 476 = -34*r + 30*r. Let h = r + 284. List the prime factors of h.
3, 5, 11
Let x(y) = -y**3 + 15*y**2 + 56*y + 12. List the prime factors of x(16).
2, 163
Suppose f - 2 = 5*j - 3, j - 1 = 0. What are the prime factors of -178*(-3)/f*28/42?
89
Let o = -4605 - -3123. Let a be 4/7 - o/(-21). List the prime factors of a/4*(-84)/70.
3, 7
Let g = 5684 + -2627. List the prime factors of g.
3, 1019
Let c(s) = -2*s - 24. Let m be c(-17). Suppose 4*a - m = 14. List the prime factors of a.
2, 3
Let j = 254 + -580. What are the prime factors of (-2)/(-5) + (0 - j/10)?
3, 11
Let z = 2366 - 473. What are the prime factors of z?
3, 631
Let h be 1/(-5) - 180/(-25). Let o = h - 4. Suppose 4*f + 6*t + 4 = o*t, -2*t = 4*f. What are the prime factors of f?
2
Suppose -3*m + 1030 = -989. What are the prime factors of m?
673
List the prime factors of 4552/28 - (-45)/105.
163
Let u = -4 - -5. List the prime factors of (-8)/(-2)*((-140)/(-16) + u).
3, 13
Let r = 912 + -1279. Let m = r + 684. What are the prime factors of m?
317
Suppose 0 = -143*j + 136*j + 3682. List the prime factors of j.
2, 263
Let k(h) = -3*h - 5. Let q be k(3). Let t(f) = f**2 + 6*f - 16. Let u be t(q). What are the prime factors of u/9*18/8?
2, 3
Suppose 1 = n - 1. Suppose 0*j + 273 = -3*j - 3*m, -278 = 3*j + n*m. Let d = -57 - j. What are the prime factors of d?
3, 13
Let z(d) = 5*d + 1. Let w be z(1). List the prime factors of (132/(-15))/(w/(-30)).
2, 11
Let x(c) = 49*c + 5. Let u be x(1). Let r = u - 49. What are the prime factors of r?
5
Let q(h) = 51*h + 18. Let k be q(4). Suppose -2*z - 30 = -3*x - k, 3*z - 288 = 2*x. What are the prime factors of z?
2, 3
Let d(j) = 111*j**2 + 19*j - 82. What are the prime factors of d(5)?
2, 17, 41
Let j = 553 - -2986. List the prime factors of j.
3539
What are the prime factors of -7 - (3 - (-1230)/(-3))?
2, 5
Suppose -o + 94 = 2*o + 4*s, 4*o - 4*s = 144. Suppose 2*n + 4*k - 78 = 0, -2*k = n + k - o. What are the prime factors of n?
7
Suppose 3*j = 98 + 73. Let b = -32 + j. What are the prime factors of b?
5
Suppose -7*p - 558 = -3001. List the prime factors of p.
349
Let b = 45 - -592. What are the prime factors of b?
7, 13
List the prime factors of (2582/6)/(19 + 840/(-45)).
1291
Let z be 108/21 - (-2)/(-14). Suppose 0*q - 3*q = f - 76, 160 = 5*q - z*f. What are the prime factors of q?
3
Let y = 7475 + -4407. What are the prime factors of y?
2, 13, 59
Let j(w) = -2*w**3 - 8*w**2 - 8*w - 9. List the prime factors of j(-6).
3, 61
Suppose -5*p + 5*g + 12380 = 0, -4*p + p + 4*g + 7429 = 0. List the prime factors of p.
3, 5, 11
Suppose 0 = 5*q + j - 400, -69 = -q + 4*j + 11. Let z = 143 - q. Suppose -u - 2*y + z = 0, 3*u = -3*y + y + 177. List the prime factors of u.
3, 19
Let h = 373 - 313. What are the prime factors of h?
2, 3, 5
Suppose 0 = 2*u - 6*u + 16. Suppose u*c = 352 - 44. What are the prime factors of c?
7, 11
What are the prime factors of 233 - 1 - (8 + -15 + 8)?
3, 7, 11
Let h be 6/(1 - (-1)/2). Suppose -3 = -2*o - 5. Let b = h + o. List the prime factors of b.
3
Let x = 1261 + -468. What are the prime factors of x?
13, 61
Let x = -139 + 161. List the prime factors of x.
2, 11
Let a = -47 - -73. Let r be 5 + -6 + (a - -2). Let z = r + 12. List the prime factors of z.
3, 13
Let l = -366 + 999. List the prime factors of l.
3, 211
Suppose i - 515 = -i - 5*v, i - 2*v = 253. Suppose 0 = -s - 4*s + i. Suppose 4*x = x + s. What are the prime factors of x?
17
Let q(i) = 279*i**3 - 6*i**2 - 278*i**3 + 11*i**2 - 6*i + 3. Let s = 9 + -15. List the prime factors of q(s).
3
Let u(a) = a**3 - a**2 + 2*a - 3. Let q be u(2). Suppose q*h = -3*f - 1 + 151, -4*f = -3*h - 200. What are the prime factors of f?
2, 5
Let x = 109 + 76. Suppose c - 98 = -3*b + 29, 5*b = 5*c + x. Suppose -14 = -5*l + b. List the prime factors of l.
11
What are the prime factors of (206/6)/(11/33)?
103
Suppose 3*s = s - 3*g + 4779, 5*g = 25. What are the prime factors of s?
2, 3, 397
Let y(c) = c - 2. Let n(f) = 4*f + 4. Let d be n(5). List the prime factors of y(d).
2, 11
Let l(y) = 29*y - 7. Let m be l(12). Suppose -337 = -5*t + q, -m = -5*t - q + 4*q. What are the prime factors of t?
67
Let b(p) = 30*p + 196. Let r be b(-6). Let y(m) = -m**3 - 4*m**2 - 5. Let l be y(-4). Let q = r + l. List the prime factors of q.
11
Let q(y) = -y**2 - 7*y + 9. Let c be q(-7). Suppose 0 = 6*d - c*d + 318. List the prime factors of d.
2, 53
List the prime factors of 5 + 46*(-55)/(-10).
2, 3, 43
Let i be 86/(-11) - -4*3/(-66). Let q(d) = -d**3 - 3*d**2 + 4*d - 7. List the prime factors of q(i).
281
Suppose -5*a + 0*g = -4*g - 68, -5*g = a - 31. Suppose 2*w - 5*b = -a, 2*b - 3 = -w + 7. What are the prime factors of 155/10 - 3/w?
2, 7
Let r be (3/(-3))/(2/(-240)). Let n = 150 - r. List the prime factors of n.
2, 3, 5
Let b(z) be the third derivative of -z**5/60 + 11*z**4/24 - 2*z**3 - 2*z**2. Let v(y) = -y**3 + 5*y**2 + 2*y - 1. Let p be v(5). List the prime factors of b(p).
2, 3
Let i = 22 - 10. Let l be i/24 + (-2)/(-4). What are the prime factors of 2/l - (-87)/3?
31
Let h(r) = 15*r - 1. Let d be 10/8 + (-3)/12. Let k be h(d). Suppose 7 + k = 3*l. What are the prime factors of l?
7
Let m(y) = -y**3 + 5*y**2 + 6*y - 7. Let a(j) = -j + 2. Let v be a(-3). Suppose -v = u - 2*u. What are the prime factors of m(u)?
23
Suppose -10 = -4*r - 26, -5*h - 3*r + 88 = 0. Let i = h - 13. Suppose -4*o - i = -15. What are the prime factors of o?
2
Let s = -18 - -156. What are the prime factors of s?
2, 3, 23
Let x(h) = 27*h - 76. List the prime factors of x(4).
2
What are the prime factors of (-6)/(-18)*(4 + 503)?
13
What are the prime factors of -3867*16/(-60) + 8/10?
2, 3, 43
Suppose 2*n = 6*n. Suppose 3*k + 18 - 87 = n. Suppose -4*j + k = -9. What are the prime factors of j?
2
What are the prime factors of (-3258)/(-15)*40/12?
2, 181
Let f be 384/66 + 8/44. Suppose 65 + f = w. What are the prime factors of w?
71
Let c(v) = 27*v**3 + v**2. Let q = -3 - -9. Suppose 4*u - 6*u = 2, q = 2*x - 4*u. List the prime factors of c(x).
2, 7
Suppose -2*q + 2893 = 5*r, -2*r + 4*r - 1166 = -3*q. List the prime factors of r.
577
Let j(a) = -4*a + 32. Let c be j(6). Suppose -738 = -c*l + 2*l. List the prime factors of l.
3, 41
Let g(i) be the third derivative of i**5/20 - i**4/8 - 2*i**3/3 - 36*i**2. What are the prime factors of g(-8)?
2, 53
Suppose 4*l - 48 = 10*o - 11*o, 3*o + 5*l - 137 = 0. List the prime factors of o.
2, 11
Suppose 2839 = 9*u - 1472. What are the prime factors of u?
479
Let p(t) be the third derivative of -t**5/60 - 23*t**4/24 - 23*t**3/6 - 2*t**2. What are the prime factors of p(-17)?
79
Let d(q) = -q + 2. Let g be d(-3). Suppose -158 = -g*n + 27. List the prime factors of n.
37
Let y(x) = x. Let u(t) = -t**2 + 7*t - 10. Let a be u(5). Let i be y(a). Suppose -k + 33 = n, n + 4*n - 5*k - 135 = i. What are the prime factors of n?
2, 3, 5
Let l be 606/(-15) - (-6)/15. List the